{"id":990322,"date":"2021-05-11T08:32:23","date_gmt":"2021-05-11T08:32:23","guid":{"rendered":"http:\/\/zsek.webd.pl\/eko3\/?page_id=990322"},"modified":"2021-05-11T08:34:00","modified_gmt":"2021-05-11T08:34:00","slug":"michal-talaga-wywalczyl-tytul-mistrza-polski","status":"publish","type":"page","link":"http:\/\/ekonomik.opole.pl\/eko3\/michal-talaga-wywalczyl-tytul-mistrza-polski\/","title":{"rendered":"Micha\u0142 Talaga wywalczy\u0142 tytu\u0142 Mistrza Polski"},"content":{"rendered":"\t\t<div data-elementor-type=\"wp-page\" data-elementor-id=\"990322\" class=\"elementor elementor-990322\" data-elementor-settings=\"[]\">\n\t\t\t\t\t\t<div class=\"elementor-inner\">\n\t\t\t\t\t\t\t<div class=\"elementor-section-wrap\">\n\t\t\t\t\t\t\t<section class=\"elementor-section elementor-top-section elementor-element elementor-element-504415cb elementor-section-full_width elementor-section-height-default elementor-section-height-default\" data-id=\"504415cb\" data-element_type=\"section\">\n\t\t\t\t\t\t<div class=\"elementor-container elementor-column-gap-default\">\n\t\t\t\t\t\t\t<div class=\"elementor-row\">\n\t\t\t\t\t<div class=\"elementor-column elementor-col-100 elementor-top-column elementor-element elementor-element-7473e639\" data-id=\"7473e639\" data-element_type=\"column\">\n\t\t\t<div class=\"elementor-column-wrap elementor-element-populated\">\n\t\t\t\t\t\t\t<div class=\"elementor-widget-wrap\">\n\t\t\t\t\t\t<div class=\"elementor-element elementor-element-620cac7d elementor-drop-cap-yes elementor-drop-cap-view-default elementor-widget elementor-widget-text-editor\" data-id=\"620cac7d\" data-element_type=\"widget\" data-settings=\"{&quot;drop_cap&quot;:&quot;yes&quot;}\" data-widget_type=\"text-editor.default\">\n\t\t\t\t<div class=\"elementor-widget-container\">\n\t\t\t\t\t\t\t\t<div class=\"elementor-text-editor elementor-clearfix\">\n\t\t\t\t\t<p>W minion\u0105 sobot\u0119, 9 maja br., w Stargardzie odby\u0142y si\u0119 Mistrzostwa Polski w Karate Stylowym Shotokan. <strong>Micha\u0142 Talaga (technik ekonomista) z klasy 1D<\/strong> wywalczy\u0142 tytu\u0142 Mistrza Polski w kategorii kata indywidualnym 14-15 lat. Do tego tytu\u0142u dorzuci\u0142 jeszcze br\u0105z w kumite indywidualnym 14-15 lat. Razem z kolegami z dru\u017cyny Micha\u0142 wywalczy\u0142 dwa br\u0105zowe medale w konkurencjach dru\u017cynowych. Serdecznie gratulujemy!<\/p>\t\t\t\t\t<\/div>\n\t\t\t\t\t\t<\/div>\n\t\t\t\t<\/div>\n\t\t\t\t<div class=\"elementor-element elementor-element-5c65e66 elementor-widget-divider--separator-type-pattern elementor-widget-divider--no-spacing elementor-widget-divider--view-line elementor-widget elementor-widget-divider\" data-id=\"5c65e66\" data-element_type=\"widget\" data-widget_type=\"divider.default\">\n\t\t\t\t<div class=\"elementor-widget-container\">\n\t\t\t\t\t<div class=\"elementor-divider\" style=\"--divider-pattern-url: url(&quot;data:image\/svg+xml,%3Csvg xmlns=&#039;http:\/\/www.w3.org\/2000\/svg&#039; preserveAspectRatio=&#039;xMidYMid meet&#039; overflow=&#039;visible&#039; height=&#039;100%&#039; viewBox=&#039;0 0 126 26&#039; fill=&#039;black&#039; stroke=&#039;none&#039;%3E%3Cpath d=&#039;M3,10.2c2.6,0,2.6,2,2.6,3.2S4.4,16.5,3,16.5s-3-1.4-3-3.2S0.4,10.2,3,10.2z M18.8,10.2c1.7,0,3.2,1.4,3.2,3.2s-1.4,3.2-3.2,3.2c-1.7,0-3.2-1.4-3.2-3.2S17,10.2,18.8,10.2z M34.6,10.2c1.5,0,2.6,1.4,2.6,3.2s-0.5,3.2-1.9,3.2c-1.5,0-3.4-1.4-3.4-3.2S33.1,10.2,34.6,10.2z M50.5,10.2c1.7,0,3.2,1.4,3.2,3.2s-1.4,3.2-3.2,3.2c-1.7,0-3.3-0.9-3.3-2.6S48.7,10.2,50.5,10.2z M66.2,10.2c1.5,0,3.4,1.4,3.4,3.2s-1.9,3.2-3.4,3.2c-1.5,0-2.6-0.4-2.6-2.1S64.8,10.2,66.2,10.2z M82.2,10.2c1.7,0.8,2.6,1.4,2.6,3.2s-0.1,3.2-1.6,3.2c-1.5,0-3.7-1.4-3.7-3.2S80.5,9.4,82.2,10.2zM98.6,10.2c1.5,0,2.6,0.4,2.6,2.1s-1.2,4.2-2.6,4.2c-1.5,0-3.7-0.4-3.7-2.1S97.1,10.2,98.6,10.2z M113.4,10.2c1.2,0,2.2,0.9,2.2,3.2s-0.1,3.2-1.3,3.2s-3.1-1.4-3.1-3.2S112.2,10.2,113.4,10.2z&#039;\/%3E%3C\/svg%3E&quot;);\">\n\t\t\t<span class=\"elementor-divider-separator\">\n\t\t\t\t\t\t<\/span>\n\t\t<\/div>\n\t\t\t\t<\/div>\n\t\t\t\t<\/div>\n\t\t\t\t<div class=\"elementor-element elementor-element-ee71e51 elementor-widget-divider--view-line elementor-widget elementor-widget-divider\" data-id=\"ee71e51\" data-element_type=\"widget\" data-widget_type=\"divider.default\">\n\t\t\t\t<div class=\"elementor-widget-container\">\n\t\t\t\t\t<div class=\"elementor-divider\">\n\t\t\t<span class=\"elementor-divider-separator\">\n\t\t\t\t\t\t<\/span>\n\t\t<\/div>\n\t\t\t\t<\/div>\n\t\t\t\t<\/div>\n\t\t\t\t<div class=\"elementor-element elementor-element-6458fda0 elementor-widget elementor-widget-heading\" data-id=\"6458fda0\" data-element_type=\"widget\" data-widget_type=\"heading.default\">\n\t\t\t\t<div class=\"elementor-widget-container\">\n\t\t\t<h3 class=\"elementor-heading-title elementor-size-default\">KARATE DYSCYPLIN\u0104 OLIMPIJSK\u0104\n<\/h3>\t\t<\/div>\n\t\t\t\t<\/div>\n\t\t\t\t<div class=\"elementor-element elementor-element-3ad64662 elementor-widget elementor-widget-text-editor\" data-id=\"3ad64662\" data-element_type=\"widget\" data-widget_type=\"text-editor.default\">\n\t\t\t\t<div class=\"elementor-widget-container\">\n\t\t\t\t\t\t\t\t<div class=\"elementor-text-editor elementor-clearfix\">\n\t\t\t\t\t<p>To nie pierwszy sukces Micha\u0142a w tej dyscyplinie. W listopadzie 2020 utalentowany ucze\u0144 zaj\u0105\u0142 II miejsce w konkurencji kumite na Mistrzostwach Polski w Karate Olimpijskim Junior\u00f3w M\u0142odszych oraz II miejsce w konkurencji kata.\u00a0<\/p>\t\t\t\t\t<\/div>\n\t\t\t\t\t\t<\/div>\n\t\t\t\t<\/div>\n\t\t\t\t\t\t<\/div>\n\t\t\t\t\t<\/div>\n\t\t<\/div>\n\t\t\t\t\t\t\t\t<\/div>\n\t\t\t\t\t<\/div>\n\t\t<\/section>\n\t\t\t\t\t\t<\/div>\n\t\t\t\t\t\t<\/div>\n\t\t\t\t\t<\/div>\n\t\t","protected":false},"excerpt":{"rendered":"<p>W minion\u0105 sobot\u0119, 9 maja br., w Stargardzie odby\u0142y si\u0119 Mistrzostwa Polski w Karate Stylowym Shotokan. Micha\u0142 Talaga (technik ekonomista) z klasy 1D wywalczy\u0142 tytu\u0142 Mistrza Polski w kategorii kata indywidualnym 14-15 lat. Do tego tytu\u0142u dorzuci\u0142 jeszcze br\u0105z w kumite indywidualnym 14-15 lat. Razem z kolegami z dru\u017cyny Micha\u0142 wywalczy\u0142 dwa br\u0105zowe medale w&#8230;<\/p>\n","protected":false},"author":2,"featured_media":990324,"parent":0,"menu_order":0,"comment_status":"closed","ping_status":"closed","template":"","meta":{"inline_featured_image":false},"_links":{"self":[{"href":"http:\/\/ekonomik.opole.pl\/eko3\/wp-json\/wp\/v2\/pages\/990322"}],"collection":[{"href":"http:\/\/ekonomik.opole.pl\/eko3\/wp-json\/wp\/v2\/pages"}],"about":[{"href":"http:\/\/ekonomik.opole.pl\/eko3\/wp-json\/wp\/v2\/types\/page"}],"author":[{"embeddable":true,"href":"http:\/\/ekonomik.opole.pl\/eko3\/wp-json\/wp\/v2\/users\/2"}],"replies":[{"embeddable":true,"href":"http:\/\/ekonomik.opole.pl\/eko3\/wp-json\/wp\/v2\/comments?post=990322"}],"version-history":[{"count":7,"href":"http:\/\/ekonomik.opole.pl\/eko3\/wp-json\/wp\/v2\/pages\/990322\/revisions"}],"predecessor-version":[{"id":990330,"href":"http:\/\/ekonomik.opole.pl\/eko3\/wp-json\/wp\/v2\/pages\/990322\/revisions\/990330"}],"wp:featuredmedia":[{"embeddable":true,"href":"http:\/\/ekonomik.opole.pl\/eko3\/wp-json\/wp\/v2\/media\/990324"}],"wp:attachment":[{"href":"http:\/\/ekonomik.opole.pl\/eko3\/wp-json\/wp\/v2\/media?parent=990322"}],"curies":[{"name":"wp","href":"https:\/\/api.w.org\/{rel}","templated":true}]}}

Michał Talaga wywalczył tytuł Mistrza Polski

<div data-elementor-type="wp-page" data-elementor-id="990322" class="elementor elementor-990322" data-elementor-settings="[]">
						<div class="elementor-inner">
							<div class="elementor-section-wrap">
							<section class="elementor-section elementor-top-section elementor-element elementor-element-504415cb elementor-section-full_width elementor-section-height-default elementor-section-height-default" data-id="504415cb" data-element_type="section">
						<div class="elementor-container elementor-column-gap-default">
							<div class="elementor-row">
					<div class="elementor-column elementor-col-100 elementor-top-column elementor-element elementor-element-7473e639" data-id="7473e639" data-element_type="column">
			<div class="elementor-column-wrap elementor-element-populated">
							<div class="elementor-widget-wrap">
						<div class="elementor-element elementor-element-620cac7d elementor-drop-cap-yes elementor-drop-cap-view-default elementor-widget elementor-widget-text-editor" data-id="620cac7d" data-element_type="widget" data-settings="{&quot;drop_cap&quot;:&quot;yes&quot;}" data-widget_type="text-editor.default">
				<div class="elementor-widget-container">
								<div class="elementor-text-editor elementor-clearfix">
					<p>W minioną sobotę, 9 maja br., w Stargardzie odbyły się Mistrzostwa Polski w Karate Stylowym Shotokan. <strong>Michał Talaga (technik ekonomista) z klasy 1D</strong> wywalczył tytuł Mistrza Polski w kategorii kata indywidualnym 14-15 lat. Do tego tytułu dorzucił jeszcze brąz w kumite indywidualnym 14-15 lat. Razem z kolegami z drużyny Michał wywalczył dwa brązowe medale w konkurencjach drużynowych. Serdecznie gratulujemy!</p>					</div>
						</div>
				</div>
				<div class="elementor-element elementor-element-5c65e66 elementor-widget-divider--separator-type-pattern elementor-widget-divider--no-spacing elementor-widget-divider--view-line elementor-widget elementor-widget-divider" data-id="5c65e66" data-element_type="widget" data-widget_type="divider.default">
				<div class="elementor-widget-container">
					<div class="elementor-divider" style="--divider-pattern-url: url(&quot;data:image/svg+xml,%3Csvg xmlns=&#039;http://www.w3.org/2000/svg&#039; preserveAspectRatio=&#039;xMidYMid meet&#039; overflow=&#039;visible&#039; height=&#039;100%&#039; viewBox=&#039;0 0 126 26&#039; fill=&#039;black&#039; stroke=&#039;none&#039;%3E%3Cpath d=&#039;M3,10.2c2.6,0,2.6,2,2.6,3.2S4.4,16.5,3,16.5s-3-1.4-3-3.2S0.4,10.2,3,10.2z M18.8,10.2c1.7,0,3.2,1.4,3.2,3.2s-1.4,3.2-3.2,3.2c-1.7,0-3.2-1.4-3.2-3.2S17,10.2,18.8,10.2z M34.6,10.2c1.5,0,2.6,1.4,2.6,3.2s-0.5,3.2-1.9,3.2c-1.5,0-3.4-1.4-3.4-3.2S33.1,10.2,34.6,10.2z M50.5,10.2c1.7,0,3.2,1.4,3.2,3.2s-1.4,3.2-3.2,3.2c-1.7,0-3.3-0.9-3.3-2.6S48.7,10.2,50.5,10.2z M66.2,10.2c1.5,0,3.4,1.4,3.4,3.2s-1.9,3.2-3.4,3.2c-1.5,0-2.6-0.4-2.6-2.1S64.8,10.2,66.2,10.2z M82.2,10.2c1.7,0.8,2.6,1.4,2.6,3.2s-0.1,3.2-1.6,3.2c-1.5,0-3.7-1.4-3.7-3.2S80.5,9.4,82.2,10.2zM98.6,10.2c1.5,0,2.6,0.4,2.6,2.1s-1.2,4.2-2.6,4.2c-1.5,0-3.7-0.4-3.7-2.1S97.1,10.2,98.6,10.2z M113.4,10.2c1.2,0,2.2,0.9,2.2,3.2s-0.1,3.2-1.3,3.2s-3.1-1.4-3.1-3.2S112.2,10.2,113.4,10.2z&#039;/%3E%3C/svg%3E&quot;);">
			<span class="elementor-divider-separator">
						</span>
		</div>
				</div>
				</div>
				<div class="elementor-element elementor-element-ee71e51 elementor-widget-divider--view-line elementor-widget elementor-widget-divider" data-id="ee71e51" data-element_type="widget" data-widget_type="divider.default">
				<div class="elementor-widget-container">
					<div class="elementor-divider">
			<span class="elementor-divider-separator">
						</span>
		</div>
				</div>
				</div>
				<div class="elementor-element elementor-element-6458fda0 elementor-widget elementor-widget-heading" data-id="6458fda0" data-element_type="widget" data-widget_type="heading.default">
				<div class="elementor-widget-container">
			<h3 class="elementor-heading-title elementor-size-default">KARATE DYSCYPLINĄ OLIMPIJSKĄ
</h3>		</div>
				</div>
				<div class="elementor-element elementor-element-3ad64662 elementor-widget elementor-widget-text-editor" data-id="3ad64662" data-element_type="widget" data-widget_type="text-editor.default">
				<div class="elementor-widget-container">
								<div class="elementor-text-editor elementor-clearfix">
					<p>To nie pierwszy sukces Michała w tej dyscyplinie. W listopadzie 2020 utalentowany uczeń zajął II miejsce w konkurencji kumite na Mistrzostwach Polski w Karate Olimpijskim Juniorów Młodszych oraz II miejsce w konkurencji kata. </p>					</div>
						</div>
				</div>
						</div>
					</div>
		</div>
								</div>
					</div>
		</section>
						</div>
						</div>
					</div>

<p>W minioną sobotę, 9 maja br., w Stargardzie odbyły się Mistrzostwa Polski w Karate Stylowym Shotokan. Michał Talaga (technik ekonomista) z klasy 1D wywalczył tytuł Mistrza Polski w kategorii kata indywidualnym 14-15 lat. Do tego tytułu dorzucił jeszcze brąz w kumite indywidualnym 14-15 lat. Razem z kolegami z drużyny Michał wywalczył dwa brązowe medale w&#8230;</p>
